6242?
3
What is the remainder when 2096534 is divided by 3850?
2134
What is the remainder when 6538005 is divided by 114?
105
What is the remainder when 356509 is divided by 39603?
82
Calculate the remainder when 25689 is divided by 2307.
312
What is the remainder when 81083 is divided by 1171?
284
What is the remainder when 3820741 is divided by 5001?
4978
Calculate the remainder when 594088 is divided by 51.
40
Calculate the remainder when 1147499 is divided by 50.
49
What is the remainder when 2061151 is divided by 2265?
1
What is the remainder when 1409309 is divided by 469752?
53
Calculate the remainder when 50668 is divided by 49901.
767
What is the remainder when 67864 is divided by 4636?
2960
What is the remainder when 88011 is divided by 4187?
84
Calculate the remainder when 186210 is divided by 181619.
4591
Calculate the remainder when 157487 is divided by 7610.
5287
Calculate the remainder when 662345 is divided by 5967.
8
What is the remainder when 35687829 is divided by 11895942?
3
Calculate the remainder when 13160 is divided by 187.
70
What is the remainder when 6994299 is divided by 2331431?
6
What is the remainder when 4039196 is divided by 1530?
1526
Calculate the remainder when 5782596 is divided by 61516.
92
What is the remainder when 34324874 is divided by 65?
64
Calculate the remainder when 458140 is divided by 1666.
1656
What is the remainder when 975211 is divided by 5670?
5641
Calculate the remainder when 2513496 is divided by 333.
12
Calculate the remainder when 989685 is divided by 30.
15
What is the remainder when 29587 is divided by 1969?
52
Calculate the remainder when 52695 is divided by 15.
0
What is the remainder when 409610394 is divided by 83?
82
Calculate the remainder when 2774725 is divided by 10672.
5
Calculate the remainder when 178008 is divided by 2430.
618
Calculate the remainder when 14940498 is divided by 4980144.
66
Calculate the remainder when 16347119 is divided by 132.
107
What is the remainder when 67862 is divided by 764?
630
What is the remainder when 60244 is divided by 57682?
2562
Calculate the remainder when 33262539 is divided by 5420.
5419
Calculate the remainder when 1838368 is divided by 2608.
2336
What is the remainder when 120576244 is divided by 42?
40
What is the remainder when 626533 is divided by 4856?
109
Calculate the remainder when 30496410 is divided by 832.
282
What is the remainder when 1245243 is divided by 113202?
21
What is the remainder when 2069978 is divided by 258745?
18
What is the remainder when 210040 is divided by 41987?
105
What is the remainder when 2179961 is divided by 1643?
1343
What is the remainder when 80643 is divided by 69091?
11552
Calculate the remainder when 1636903 is divided by 33406.
9
Calculate the remainder when 30632228 is divided by 13.
3
What is the remainder when 56232 is divided by 55678?
554
What is the remainder when 554439 is divided by 593?
577
Calculate the remainder when 1463499 is divided by 731648.
203
What is the remainder when 4376715 is divided by 14073?
12
What is the remainder when 3221810 is divided by 1609955?
1900
What is the remainder when 1489334 is divided by 23?
15
What is the remainder when 16154 is divided by 4713?
2015
What is the remainder when 11994 is divided by 11975?
19
What is the remainder when 4176249 is divided by 4176242?
7
Calculate the remainder when 56097 is divided by 3484.
353
What is the remainder when 396485 is divided by 129603?
7676
What is the remainder when 133143 is divided by 597?
12
Calculate the remainder when 431311 is divided by 107813.
59
Calculate the remainder when 454375 is divided by 25243.
1
Calculate the remainder when 5050546 is divided by 85.
16
What is the remainder when 1406166631 is divided by 796?
791
Calculate the remainder when 1113863 is divided by 613.
42
What is the remainder when 590241 is divided by 68?
1
Calculate the remainder when 70692 is divided by 3716.
88
What is the remainder when 224419 is divided by 74785?
64
What is the remainder when 578545735 is divided by 324?
319
Calculate the remainder when 294286 is divided by 58591.
1331
Calculate the remainder when 47472748 is divided by 45.
43
What is the remainder when 3428008 is divided by 1579?
1578
What is the remainder when 5197962 is divided by 207?
192
What is the remainder when 2559173 is divided by 934?
13
Calculate the remainder when 3220115 is divided by 39.
2
What is the remainder when 32805 is divided by 515?
360
Calculate the remainder when 39952 is divided by 159.
43
What is the remainder when 409399 is divided by 171?
25
What is the remainder when 59480 is divided by 857?
347
What is the remainder when 351294 is divided by 114228?
8610
Calculate the remainder when 497084 is divided by 105.
14
What is the remainder when 2508489 is divided by 566?
543
Calculate the remainder when 7908085 is divided by 3954028.
29
What is the remainder when 10634159 is divided by 3318?
3287
Calculate the remainder when 2943747 is divided by 2942962.
785
Calculate the remainder when 3059 is divided by 961.
176
Calculate the remainder when 9554740 is divided by 1735.
95
Calculate the remainder when 17692733 is divided by 3651.
3638
Calculate the remainder when 2269731 is divided by 5182.
15
What is the remainder when 18204 is divided by 774?
402
What is the remainder when 130134303 is divided by 67?
2
What is the remainder when 8152318 is divided by 960?
958
What is the remainder when 325100422 is divided by 559?
556
Calculate the remainder when 689580 is divided by 556.
140
Calculate the remainder when 17014477 is divided by 28.
25
Calculate the remainder when 24312917 is divided by 4034.
4033
Calculate the remainder when 1020360 is divided by 85003.
324
What is the remainder when 2139579 is divided by 1096?
187
Calculate the remainder when 260840 is divided by 23705.
85
What is the remainder when 7802669 is divided by 445?
39
Calculate the remainder when 3089251 is divided by 772304.
35
Calculate the remainder when 66106685 is divided by 380.
365
Calculate the remainder when 585668 is divided by 146413.
16
Calculate the remainder when 211820 is divided by 212.
32
Calculate the remainder when 4540407 is divided by 54052.
39
Calculate the remainder when 6283696 is divided by 1993.
1760
What is the remainder when 3903776 is divided by 9122?
8682
Calculate the remainder when 1306257 is divided by 651910.
2437
What is the remainder when 582080 is divided by 135?
95
What is the remainder when 2639454 is divided by 3987?
60
Calculate the remainder when 21240897 is divided by 270.
267
What is the remainder when 96331 is divided by 1483?
1419
Calculate the remainder when 7312741 is divided by 3656332.
77
What is the remainder when 47295637 is divided by 67856?
5
Calculate the remainder when 309072 is divided by 51511.
6
Calculate the remainder when 4586000 is divided by 1541.
1525
Calculate the remainder when 148353040 is divided by 101.
99
Calculate the remainder when 7479647 is divided by 89.
87
What is the remainder when 912876 is divided by 431?
18
Calculate the remainder when 55690380 is divided by 1571.
1
Calculate the remainder when 66045 is divided by 32184.
1677
What is the remainder when 72860567 is divided by 1933?
1931
What is the remainder when 6449101 is divided by 44?
21
Calculate the remainder when 131829 is divided by 6.
3
What is the remainder when 15556953 is divided by 1296412?
9
What is the remainder when 112836 is divided by 158?
24
What is the remainder when 13082 is divided by 723?
68
What is the remainder when 122630687 is divided by 35?
32
What is the remainder when 5132364 is divided by 7581?
27
What is the remainder when 607916 is divided by 3149?
159
What is the remainder when 39929231 is divided by 3877?
8
Calculate the remainder when 8953 is divided by 811.
32
What is the remainder when 1710858 is divided by 1272?
18
Calculate the remainder when 19906643 is divided by 565.
563
What is the remainder when 4701015 is divided by 1402?
109
Calculate the remainder when 19055778 is divided by 154925.
3
Calculate the remainder when 128431 is divided by 329.
121
What is the remainder when 298676208 is divided by 1232?
1216
What is the remainder when 95187 is divided by 2233?
1401
Calculate the remainder w